7*a - 5. Calculate k(c).
5
Let y(d) = -d**3 - 4*d**2 + 9*d. Let z be y(-6). Suppose 5*f = 3 - z. Let i(u) = -u**3 - 2*u**2 - 1. What is i(f)?
8
Let n(d) = 11*d**3 + 19*d**2 - 8*d - 21. Let t(h) = -4*h**3 - 7*h**2 + 3*h + 7. Let y(v) = 3*n(v) + 8*t(v). Determine y(0).
-7
Suppose 0 = -18*c + 19*c - 5*i + 15, -2*i = 3*c + 11. Let f(j) = -j**2 - 9*j - 6. What is f(c)?
14
Let w be ((-4)/(-22) - (-34)/(-66))*-18. Let f(x) = -x**2 - 19*x - 3 + 7 + 25*x. What is f(w)?
4
Let t = 88 - 87. Let a(c) = 7*c - 4. Let k(i) = -2*i + 1. Let d(j) = t*a(j) + 4*k(j). Determine d(-3).
3
Let d(n) = 5*n**2 - 25*n - 9. Let i(b) = -b**3 - 2*b**2 - 2. Let q be i(-3). Let a(v) = 2*v**2 - 12*v - 5. Let z(h) = q*a(h) - 3*d(h). What is z(-7)?
6
Let v(o) = -4*o**2 + 5*o - 4. Let j be (-23 - 0*4/16) + -4. Let a = j - -30. Calculate v(a).
-25
Let p = 53 - 44. Let z(v) = -4*v**3 + 0*v**3 - p*v**2 + v + 0*v**2 + 8*v**2. What is z(1)?
-4
Let z(x) be the first derivative of -x**2/2 - 7*x + 1. Let p(r) = r**3 - 8*r**2 + 11*r + 8. Let w be p(6). Let c be ((-16)/12)/(w/6). Give z(c).
-3
Suppose 3*z + 249 = -3*k, -2*z - 7*k = -3*k + 176. Let r = 70 + z. Let s(j) = -j**3 - 10*j**2 - 13*j - 9. Give s(r).
-33
Let z(j) = -2*j**2 + 13*j + 11. Let x be z(7). Let k(f) = 7 - x*f - f**2 + f**2 - 3*f - f**2. Give k(-9).
-11
Let f be (60/18)/((-4)/6). Let d be 18/10 + f/(-25). Let s(w) be the second derivative of w**4/4 - w**3/3 - w**2 - 12*w. Calculate s(d).
6
Let h = 1430 + -1433. Let i(a) = -2*a**2 - 5*a - 2. Calculate i(h).
-5
Suppose 3*n = 9 - 0. Let v(q) = -3*q + q + n*q + 5*q + 2 - q**2. Let t be 3 - (-3)/(-2)*(-12)/9. Give v(t).
7
Let u(d) be the first derivative of -d**3/3 - 8*d**2 + d - 6. Let l be u(-13). Let w be (-16)/(-72) - l/18. Let z(p) = -2*p**3 + 2*p. Give z(w).
12
Let g = -435 + 443. Let i(h) = -h**3 + 7*h**2 + 8*h - 11. Give i(g).
-11
Let b(f) be the first derivative of f**3/3 - 7*f**2 + 20*f - 161. What is b(12)?
-4
Let u(g) be the third derivative of -g**4/6 - g**3 - 146*g**2. Give u(-6).
18
Let g(l) = l**2 - 5*l. Let p be -2 + 24 - 17 - (-2 + -1). Determine g(p).
24
Let u(p) = -2*p**2 + 6*p - 1. Let v(b) = b - 60*b**3 + 6*b**2 + 59*b**3 + 0*b**2 - 2. Let c be v(6). Determine u(c).
-9
Let s(q) = 5*q - 2*q**3 - 4*q - 6*q**2 - 17*q**2 + 23*q**2. Give s(-1).
1
Suppose -89 = -18*p - 359. Let t(b) = -b**3 - 16*b**2 - 16*b - 4. Determine t(p).
11
Let b(f) be the third derivative of -f**5/15 - 7*f**4/24 - 5*f**3/6 - 66*f**2. Give b(-4).
-41
Let c(s) be the first derivative of s**4/4 + 2*s**3/3 - s**2 + 5*s - 1. Let i = 140 + -144. Give c(i).
-19
Suppose -4*r - 4*t = -12, -r = 3*r + 5*t - 17. Let q = 19 + -16. Let b(m) = -12*m**3 + 18*m**q - 5*m**3 + m**2 + 0 - 3*m - 1. Calculate b(r).
1
Let x(r) = -r**3 - 6*r**2 - r - 2. Suppose -6*c = -c + 10. Let d be 3 - (-6 + c + -1). Suppose 30 = -3*p + d. Determine x(p).
4
Let h be -21*((-1255)/(-105) - 12). Let u(l) = -4*l + 5*l + 0*l - 25*l**2. What is u(h)?
-24
Let z be (-6)/(-2) + -6 - -5. Let u(x) = -8*x**2 + 3 + 15*x**2 - 6*x**z + 3*x + x**2. Suppose j - 6*j - 3 = -3*k, 0 = 2*j + k + 10. Determine u(j).
12
Let o(f) = -f**2 + 17*f + 33. Let m be o(19). Let j(q) be the second derivative of 0 + q**2 - 2*q + 1/6*q**3. Give j(m).
-3
Suppose 2*a - 4*a + 2 = 0. Let z(n) = -2 - n**2 - a - 5*n + 16*n - 5*n. Let i = 288 - 283. What is z(i)?
2
Let r(f) = -15*f**2 + 8*f + 7. Let p(k) = 3 - 4*k - 3*k**2 - k**2 + 8*k - 3*k**2. Let b(s) = -13*p(s) + 6*r(s). Let n be 7/1 + 6 + -9. Determine b(n).
3
Let q(o) = -4*o + 7. Suppose 0 = 5*b - 5*j, -j - 16 = -3*b - 6*j. Let y(t) = t - 2. Let a(f) = b*q(f) + 7*y(f). Give a(-8).
8
Let r(n) = 3*n**2 - 5*n - 3. Let h(d) = -d + 6. Let a be h(3). Let g be r(a). Let f(b) = b**2 - 9*b + 6. Give f(g).
6
Suppose 3*s = -25 + 7. Let p(l) = 11*l**2 + 21*l + 19. Let g(q) = -7*q**2 - 14*q - 12. Let f(r) = 8*g(r) + 5*p(r). Determine f(s).
5
Suppose 0 = 2*b + 2*b, 2*n = 2*b - 16. Let k = n + 10. Let u(y) = 3 + 7*y + 2*y**k - 4 - y**2 + 0. Calculate u(-7).
-1
Suppose -65*b + 70*b = 25. Let v(t) be the first derivative of t**3/3 - 2*t**2 + 6*t - 2. Calculate v(b).
11
Let d(w) = w**3 - 2*w**2 + 3*w + 2. Let o(t) = t**3 - t**2 + 3*t + 2. Let n(y) = -4*d(y) + 3*o(y). Let l(c) = 2*c**2 - c. Let q be l(-1). Determine n(q).
7
Let q(z) = -6*z - 34. Suppose 0 = -11*l + 126 - 181. Calculate q(l).
-4
Let v(j) = 193 - 197 - 2*j**2 - 12*j - 5*j. What is v(-8)?
4
Let y be ((-1)/(0 - -3))/((-2)/30). Let l(c) = 9*c**2 + c - 3. Let b(g) = -5*g**2 + 1. Let h(z) = -11*b(z) - 6*l(z). Calculate h(y).
2
Suppose 5*c - 35 = -5*d, -5*c + 9*d - 1 = 5*d. Let v(g) = 3*g - 3. Determine v(c).
6
Let l(m) be the first derivative of m**3/3 + 3*m + 166. What is l(2)?
7
Let o(a) = -a + 10. Let b(u) = -5*u - 43. Let z(d) = b(d) - 2*o(d). Calculate z(-18).
-9
Suppose -4*g = 5*n - 87, 63 = 5*n + g - 5*g. Let z(t) = 11*t + 4. Let b be z(1). Let q = n - b. Let l(v) = v**3 + v**2 - 10. What is l(q)?
-10
Let m(y) be the third derivative of -11*y**4/24 + y**3 - 485*y**2. Determine m(-1).
17
Let h(r) be the second derivative of -r**4/6 - 11*r**3/6 + r**2/2 - 123*r. What is h(-6)?
-5
Suppose 29 = 8*j + 85. Let m be -2 + (-10)/(-4) + j/14. Let d(w) = w + 1. Determine d(m).
1
Let t(c) be the first derivative of c**4/4 - 2*c**3/3 - 7*c**2/2 + 4*c + 202. Give t(3).
-8
Suppose -11 = y - 19. Let v(i) = -4 - y - 2*i + 11. Let s = -11 - -16. Give v(s).
-11
Let j(x) be the first derivative of 6*x**2 + x + 2. Suppose -2*o + 4 = -w, -5*o - 13 + 12 = 3*w. Determine j(w).
-23
Let f(z) = 7. Let r(a) = -a - 4. Let s(c) = 4*f(c) + 7*r(c). What is s(2)?
-14
Let d(k) = 7965*k**2 - 7957*k**2 + 9*k + k**3 + 4 + 1. Let s = -19 + 12. Calculate d(s).
-9
Let h(r) be the first derivative of r**2/2 - 91. Determine h(-8).
-8
Let s(v) be the third derivative of v**5/60 + v**4/4 + 5*v**3/6 + 43*v**2 - 1. Give s(-8).
21
Let y(g) be the first derivative of -g**2 + 46*g + 2. Calculate y(20).
6
Let q(v) = -52*v**2 - 1. Let p be (-14)/(-12) + 17/(-204)*2. Determine q(p).
-53
Let a be 1/(-6)*4*330/20. Let h(i) = -4*i**3 - 9*i**2 - 11*i + 2. Let d(g) = g**3 - g**2 + 1. Let w(z) = 3*d(z) + h(z). Determine w(a).
5
Let r(p) = -4*p**2 - 13*p + 20. Let t(z) = -z**2 - z + 2. Let a(g) = -r(g) + 5*t(g). Calculate a(4).
6
Let k = -7 - 50. Let l = k + 50. Let w(c) = -7*c**2 - 12*c + 8. Let f(s) = -6*s**2 - 11*s + 8. Let y(a) = 6*f(a) - 5*w(a). What is y(l)?
1
Suppose 0 = 4*g - 3*g. Let d(x) = g*x + 4 + 3 + 2*x. Suppose 0*n - 30 = 5*n. Give d(n).
-5
Suppose 19 = 5*o - 1. Let q(k) = -5 - o*k + 3*k + 2*k. What is q(5)?
0
Let i(y) = y**2 - 3*y + 3. Let g = -72 - -108. Suppose -7*n + g - 8 = 0. Determine i(n).
7
Let p = -12 + 9. Let t = p + 5. Let a(r) = -2*r**3 - 4*r - 2 + t*r - r**2 + 1. Give a(-1).
2
Suppose -12 - 12 = 12*p. Let x(w) = 16*w + 2. Determine x(p).
-30
Let r = 12 - 22. Let b be (-2)/8 + r/(-8). Let k(d) be the first derivative of 4*d**3/3 - d**2/2 + d + 4. What is k(b)?
4
Let h(m) = m - 2*m + 4 + 0*m + m**2. Let w = -3387 - -3387. What is h(w)?
4
Suppose -4*n + 10*f + 18 = 5*f, n + 2*f + 2 = 0. Let z(a) = 40*a - 4*a**3 - 36*a + 3*a**3 + 4*a**n. Calculate z(5).
-5
Let g(h) = 396 - 128 - 137 + h - 3*h - 132. Let l(s) = s + 5. Let x be l(-7). Determine g(x).
3
Let t(w) = -w**2 - 2*w. Let r(d) = 28*d + 13 - 21*d - 6*d. Let b be r(-16). Give t(b).
-3
Let q(h) be the second derivative of -h**6/720 - h**5/40 - 11*h**4/12 + 24*h. Let g(f) be the third derivative of q(f). What is g(7)?
-10
Let k(b) = -b**3 - 7*b**2 - 4. Let z = -4 - 4. Let l(j) = j**3 + 10*j**2 + 18*j + 9. Let w be l(z). Give k(w).
-4
Suppose 5*j + 4*b - 100 = 0, 4*j - 96 + 16 = 4*b. Let q = j - 14. Let u be (-4)/(-6)*(-3 + q). Let w(i) = i**3 - 2*i**2 + 2*i - 1. Give w(u).
3
Let w(z) = 2*z**2 - z. Let a(u) = 3*u**2 - 5*u - 7. Let o(n) = a(n) - 2*w(n). What is o(-5)?
-17
Let t(f) = -f**3 - 8*f**2 - 7*f - 5. Suppose -11*o = 10 + 56. Give t(o).
-35
Let c(s) be the first derivative of -s**3/3 - 11*s**2/2 + 10*s - 27. Calculate c(-11).
10
Suppose -9 = 2*l - 13. Let g(f) = -6 + 2*f**2 - 3*f**2 - 5*f + l*f - 5*f. Determine g(-6).
6
Let q = 1 - 1. Let f(o) be the third derivative of -5*o**4/24 + 2*o**3 - 13*o**2. Let s(y) = -9*y + 23. Let v(w) = 11*f(w) - 6*s(w). What is v(q)?
-6
Let t(f) be the first derivative of 4*f**2 + f + 1. Suppose -3 = -5*